{"id":990,"date":"2018-06-11T14:34:00","date_gmt":"2018-06-11T12:34:00","guid":{"rendered":"http:\/\/www.fussballschule-raffl.at\/home\/?page_id=990"},"modified":"2018-06-12T12:46:42","modified_gmt":"2018-06-12T10:46:42","slug":"datenschutz","status":"publish","type":"page","link":"https:\/\/www.fussballschule-raffl.at\/home\/datenschutz\/","title":{"rendered":"Datenschutz"},"content":{"rendered":"<div class=\"fusion-fullwidth fullwidth-box fusion-builder-row-1 nonhundred-percent-fullwidth non-hundred-percent-height-scrolling\" style=\"--awb-border-radius-top-left:0px;--awb-border-radius-top-right:0px;--awb-border-radius-bottom-right:0px;--awb-border-radius-bottom-left:0px;--awb-padding-top:20px;--awb-padding-bottom:20px;--awb-flex-wrap:wrap;\" ><div class=\"fusion-builder-row fusion-row\"><div class=\"fusion-layout-column fusion_builder_column fusion-builder-column-0 fusion_builder_column_1_1 1_1 fusion-one-full fusion-column-first fusion-column-last\" style=\"--awb-bg-size:cover;\"><div class=\"fusion-column-wrapper fusion-flex-column-wrapper-legacy\"><div class=\"fusion-text fusion-text-1\"><h1>DATENSCHUTZERKL\u00c4RUNG<\/h1>\n<h3><span style=\"font-size: 14pt;\">Wer wir sind und wie wir Ihre Daten sch\u00fctzen<\/span><\/h3>\n<p>Die Adresse unserer Website ist: http:\/\/www.fussballschule-raffl.at.\u00a0Der Schutz Ihrer pers\u00f6nlichen Daten ist uns ein besonderes Anliegen. Wir verarbeiten Ihre Daten daher ausschlie\u00dflich auf Grundlage der gesetzlichen Bestimmungen. In diesen Datenschutzinformationen informieren wir Sie \u00fcber die wichtigsten Aspekte der Datenverarbeitung im Rahmen unserer Website.<\/p>\n<h5><\/h5>\n<h3><span style=\"font-size: 14pt;\">Welche personenbezogenen Daten wir sammeln\u00a0und warum wir sie sammeln<\/span><\/h3>\n<h5>KONTAKT MIT UNS<\/h5>\n<p>Wenn Sie per Formular auf der Website oder per E-Mail Kontakt mit uns aufnehmen, werden Ihre angegebenen Daten zwecks Bearbeitung der Anfrage und f\u00fcr den Fall von Anschlussfragen sechs Monate bei uns gespeichert. Diese Daten geben wir nicht ohne Ihre Einwilligung weiter.<\/p>\n<h5 class=\"zms_textarea \">COOKIES<\/h5>\n<p>Unsere Website verwendet so genannte Cookies. Dabei handelt es sich um kleine Textdateien, die mit Hilfe des Browsers auf Ihrem Endger\u00e4t abgelegt werden. Sie richten keinen Schaden an. Wir nutzen Cookies dazu, unser Angebot nutzerfreundlich zu gestalten. Einige Cookies bleiben auf Ihrem Endger\u00e4t gespeichert, bis Sie diese l\u00f6schen. Sie erm\u00f6glichen es uns, Ihren Browser beim n\u00e4chsten Besuch wiederzuerkennen.\u00a0Wenn Sie dies nicht w\u00fcnschen, so k\u00f6nnen Sie Ihren Browser so einrichten, dass er Sie \u00fcber das Setzen von Cookies informiert und Sie dies nur im Einzelfall erlauben. Bei der Deaktivierung von Cookies kann die Funktionalit\u00e4t unserer Website eingeschr\u00e4nkt sein. Bei Best\u00e4tigung der Nutzung spezieller Plugins (siehe Google Maps &amp; Facebook Like Box Plugin) wird beispielsweise ein Cookie auf Ihrem Endger\u00e4t abgelegt. Dadurch sind Ihre pers\u00f6nlichen Nutzungseinstellung von unserer Seite beim n\u00e4chsten Besuch bereits gespeichert. Deaktivieren Sie Cookies in Ihrem Browser, werden Sie erneut dazu aufgefordert, die Nutzung spezieller Plugins zu akzeptieren.<\/p>\n<h5><\/h5>\n<h3><span style=\"font-size: 14pt;\">Verwendung von eingebetteten Inhalten anderer Websites &amp; Plugins<\/span><\/h3>\n<p>Seiten auf dieser Website k\u00f6nnen eingebettete Inhalte beinhalten (z.\u00a0B. Videos, Bilder, Karten etc.). Eingebettete Inhalte von anderen Websites verhalten sich exakt so, als ob der Besucher die andere Website besucht h\u00e4tte.<br \/>\nDiese Websites k\u00f6nnen Daten \u00fcber dich sammeln, Cookies benutzen, zus\u00e4tzliche Tracking-Dienste von Dritten einbetten und deine Interaktion mit diesem eingebetteten Inhalt aufzeichnen, inklusive deiner Interaktion mit dem eingebetteten Inhalt, falls du ein Konto hast und auf dieser Website angemeldet bist.<\/p>\n<h5>GOOGLE MAPS<\/h5>\n<p>Diese Webseite verwendet das Produkt Google Maps von Google Inc. Durch das Akzeptieren der Nutzung des Plugins auf dieser Webseite erkl\u00e4ren Sie sich mit der Erfassung, Bearbeitung sowie Nutzung der automatisiert erhobenen Daten durch Google Inc, deren Vertreter sowie Dritter einverstanden.<br \/>\nDie Nutzungsbedingungen von Google Maps finden sie unter <a href=\"http:\/\/www.google.com\/intl\/de_de\/help\/terms_maps.html\">\u201eNutzungsbedingungen von Google Maps\u201c<\/a>.<\/p>\n<h5>FACEBOOK LIKE BOX PLUGIN<\/h5>\n<p>Unser Internetauftritt verwendet Social Plugins (&#8222;Plugins&#8220;) des sozialen Netzwerkes facebook.com, welches von der Facebook Inc., 1601 S. California Ave, Palo Alto, CA 94304, USA betrieben wird (&#8222;Facebook&#8220;). Durch die Einbindung der Plugins erh\u00e4lt Facebook die Information, dass Sie die entsprechende Seite unseres Internetauftritts aufgerufen haben. Sind Sie bei Facebook eingeloggt kann Facebook den Besuch Ihrem Facebook-Konto zuordnen. Wenn Sie mit den Plugins interagieren, zum Beispiel den &#8222;Gef\u00e4llt mir&#8220; Button bet\u00e4tigen oder einen Kommentar abgeben, wird die entsprechende Information von Ihrem Browser direkt an Facebook \u00fcbermittelt und dort gespeichert. Zweck und Umfang der Datenerhebung und die weitere Verarbeitung und Nutzung der Daten durch Facebook sowie Ihre diesbez\u00fcglichen Rechte und Einstellungsm\u00f6glichkeiten zum Schutz Ihrer Privatssph\u00e4re entnehmen Sie bitte den\u00a0<a href=\"http:\/\/www.facebook.com\/policy.php\" target=\"_blank\" rel=\"noopener\">Datenschutzhinweisen von Facebook<\/a>. Wenn Sie nicht m\u00f6chten, dass Facebook \u00fcber unseren Internetauftritt Daten \u00fcber Sie sammelt, m\u00fcssen Sie sich vor Ihrem Besuch unseres Internetauftritts bei Facebook ausloggen. Das Plugin ist erst aktiv, sobald Sie die Benutzung des Plugins zugestimmt haben.<\/p>\n<h5>WEB FONTS (ICONS)<\/h5>\n<p>Diese Seite nutzt zur einheitlichen Darstellung von Schriftarten so genannte Web Fonts, die von Fonticons, Inc. bereitgestellt werden. Beim Aufruf einer Seite l\u00e4dt Ihr Browser die ben\u00f6tigten Web Fonts in ihren Browsercache, um Texte und Schriftarten korrekt anzuzeigen.<\/p>\n<p>Zu diesem Zweck muss der von Ihnen verwendete Browser Verbindung zu den Servern von Fonticons, Inc. \u00a0aufnehmen. Hierdurch erlangt Fonticons, Inc. \u00a0Kenntnis dar\u00fcber, dass \u00fcber Ihre IP-Adresse unsere Website aufgerufen wurde. Die Nutzung von Web Fonts erfolgt im Interesse einer einheitlichen und ansprechenden Darstellung unserer Online-Angebote. Dies stellt ein berechtigtes Interesse im Sinne von Art. 6 Abs. 1 lit. f DSGVO dar.<\/p>\n<p>Wenn Ihr Browser Web Fonts nicht unterst\u00fctzt, wird eine Standardschrift von Ihrem Computer genutzt.<\/p>\n<p>Weitere Informationen zu Font Awesome finden Sie unter <a href=\"https:\/\/fontawesome.com\/help\">https:\/\/fontawesome.com\/help<\/a> und in der Datenschutzerkl\u00e4rung von Fonticons, Inc.: <a href=\"https:\/\/fontawesome.com\/privacy\">https:\/\/fontawesome.com\/privacy<\/a>.<\/p>\n<h5><\/h5>\n<h3><span style=\"font-size: 14pt;\">Welche Rechte Sie an Ihren Daten haben<\/span><\/h3>\n<p>Ihnen stehen grunds\u00e4tzlich die Rechte auf Auskunft, Berichtigung, L\u00f6schung, Einschr\u00e4nkung, Daten\u00fcbertragbarkeit, Widerruf und Widerspruch zu. Wenn Sie glauben, dass die Verarbeitung Ihrer Daten gegen das Datenschutzrecht verst\u00f6\u00dft oder Ihre datenschutzrechtlichen Anspr\u00fcche sonst in einer Weise verletzt worden sind, k\u00f6nnen Sie sich bei der Aufsichtsbeh\u00f6rde beschweren. In \u00d6sterreich ist dies die Datenschutzbeh\u00f6rde.<\/p>\n<h5><\/h5>\n<h3><span style=\"font-size: 14pt;\">Haben Sie weitere Fragen zum Datenschutz?<\/span><\/h3>\n<p>Kontaktieren Sie uns unter folgenden Kontaktdaten<\/p>\n<p><span class=\"gdlr-core-icon-list-content\">+43 6767445644<br \/>\n<\/span><span class=\"gdlr-core-icon-list-content\">office@fussballschule-raffl.at<\/span><\/p>\n<\/div><div class=\"fusion-clearfix\"><\/div><\/div><\/div><\/div><\/div>\n","protected":false},"excerpt":{"rendered":"","protected":false},"author":1,"featured_media":0,"parent":0,"menu_order":0,"comment_status":"closed","ping_status":"closed","template":"","meta":{"footnotes":""},"class_list":["post-990","page","type-page","status-publish","hentry"],"_links":{"self":[{"href":"https:\/\/www.fussballschule-raffl.at\/home\/wp-json\/wp\/v2\/pages\/990","targetHints":{"allow":["GET"]}}],"collection":[{"href":"https:\/\/www.fussballschule-raffl.at\/home\/wp-json\/wp\/v2\/pages"}],"about":[{"href":"https:\/\/www.fussballschule-raffl.at\/home\/wp-json\/wp\/v2\/types\/page"}],"author":[{"embeddable":true,"href":"https:\/\/www.fussballschule-raffl.at\/home\/wp-json\/wp\/v2\/users\/1"}],"replies":[{"embeddable":true,"href":"https:\/\/www.fussballschule-raffl.at\/home\/wp-json\/wp\/v2\/comments?post=990"}],"version-history":[{"count":10,"href":"https:\/\/www.fussballschule-raffl.at\/home\/wp-json\/wp\/v2\/pages\/990\/revisions"}],"predecessor-version":[{"id":1008,"href":"https:\/\/www.fussballschule-raffl.at\/home\/wp-json\/wp\/v2\/pages\/990\/revisions\/1008"}],"wp:attachment":[{"href":"https:\/\/www.fussballschule-raffl.at\/home\/wp-json\/wp\/v2\/media?parent=990"}],"curies":[{"name":"wp","href":"https:\/\/api.w.org\/{rel}","templated":true}]}}